?
2
What is the units digit of 623470?
0
What is the hundred thousands digit of 370412?
3
What is the units digit of 2146788?
8
What is the hundred thousands digit of 343643?
3
What is the units digit of 438990?
0
What is the tens digit of 719078?
7
What is the hundreds digit of 921907?
9
What is the ten thousands digit of 128006?
2
What is the ten thousands digit of 401688?
0
What is the thousands digit of 5766065?
6
What is the thousands digit of 17721206?
1
What is the units digit of 133771?
1
What is the ten thousands digit of 755361?
5
What is the thousands digit of 4735068?
5
What is the units digit of 1035820?
0
What is the millions digit of 3244577?
3
What is the ten thousands digit of 22150?
2
What is the ten thousands digit of 2413793?
1
What is the hundred thousands digit of 1028671?
0
What is the hundred thousands digit of 382158?
3
What is the ten millions digit of 41113375?
4
What is the tens digit of 236588?
8
What is the thousands digit of 8015467?
5
What is the units digit of 2258644?
4
What is the hundred thousands digit of 23399960?
3
What is the ten thousands digit of 1425623?
2
What is the ten thousands digit of 72055?
7
What is the units digit of 5983512?
2
What is the ten millions digit of 23711428?
2
What is the units digit of 1827736?
6
What is the units digit of 134210?
0
What is the thousands digit of 294044?
4
What is the hundred thousands digit of 307668?
3
What is the tens digit of 173847?
4
What is the thousands digit of 88116?
8
What is the hundred thousands digit of 11770114?
7
What is the hundreds digit of 123712?
7
What is the hundreds digit of 296363?
3
What is the tens digit of 3242715?
1
What is the hundred thousands digit of 2495244?
4
What is the hundreds digit of 1963546?
5
What is the hundred thousands digit of 707217?
7
What is the hundreds digit of 1649744?
7
What is the thousands digit of 145004?
5
What is the millions digit of 2641620?
2
What is the tens digit of 251284?
8
What is the units digit of 1798164?
4
What is the thousands digit of 95986?
5
What is the units digit of 391262?
2
What is the thousands digit of 268137?
8
What is the ten thousands digit of 1000832?
0
What is the units digit of 605491?
1
What is the units digit of 689746?
6
What is the millions digit of 12257470?
2
What is the hundreds digit of 970109?
1
What is the ten thousands digit of 3683925?
8
What is the millions digit of 1137561?
1
What is the thousands digit of 314133?
4
What is the ten thousands digit of 80293?
8
What is the hundreds digit of 4241798?
7
What is the units digit of 261511?
1
What is the tens digit of 160683?
8
What is the ten thousands digit of 488824?
8
What is the tens digit of 126542?
4
What is the ten thousands digit of 20320997?
2
What is the thousands digit of 3237066?
7
What is the thousands digit of 18295367?
5
What is the hundred thousands digit of 118061?
1
What is the hundreds digit of 7728319?
3
What is the tens digit of 110633?
3
What is the thousands digit of 108835?
8
What is the hundreds digit of 3796?
7
What is the hundreds digit of 2628867?
8
What is the millions digit of 13397695?
3
What is the tens digit of 173416?
1
What is the hundred thousands digit of 226089?
2
What is the tens digit of 20829?
2
What is the hundreds digit of 187240?
2
What is the hundred thousands digit of 225636?
2
What is the hundred thousands digit of 3393110?
3
What is the thousands digit of 47069?
7
What is the units digit of 10072241?
1
What is the hundreds digit of 1846618?
6
What is the tens digit of 2226493?
9
What is the hundreds digit of 125209?
2
What is the millions digit of 7281829?
7
What is the ten millions digit of 24008113?
2
What is the units digit of 7503845?
5
What is the hundred thousands digit of 1265257?
2
What is the units digit of 222670?
0
What is the hundreds digit of 6991135?
1
What is the ten thousands digit of 363065?
6
What is the hundreds digit of 34381128?
1
What is the ten thousands digit of 8769820?
6
What is the units digit of 38016?
6
What is the ten thousands digit of 528358?
2
What is the thousands digit of 3832?
3
What is the tens digit of 2168906?
0
What is the thousands digit of 405613?
5
What is the ten thousands digit of 139681?
3
What is the ten thousands digit of 416373?
1
What is the hundred thousands digit of 100547?
1
What is the millions digit of 2374032?
2
What is the ten thousands digit of 17922972?
2
What is the hundred thousands digit of 650994?
6
What is the thousands digit of 985999?
5
What is the tens digit of 225259?
5
What is the units digit of 3021797?
7
What is the thousands digit of 80213?
0
What is the units digit of 903310?
0
What is the thousands digit of 236417?
6
What is the ten thousands digit of 23382?
2
What is the tens digit of 1533880?
8
What is the millions digit of 5120197?
5
What is the units digit of 188409?
9
What is the hundred thousands digit of 10332120?
3
What is the ten thousands digit of 11884735?
8
What is the units digit of 4740871?
1
What is the units digit of 1709137?
7
What is the hundred thousands digit of 9713040?
7
What is the hundreds digit of 31523?
5
What is the hundred thousands digit of 6016711?
0
What is the hundred thousands digit of 9257023?
2
What is the hundreds digit of 16024033?
0
What is the ten thousands digit of 135317?
3
What is the millions digit of 1413443?
1
What is the hundreds digit of 1097394?
3
What is the hundreds digit of 85321?
3
What is the units digit of 4381337?
7
What is the hundreds digit of 878262?
2
What is the tens digit of 1049827?
2
What is the tens digit of 924925?
2
What is the ten thousands digit of 19714965?
1
What is the units digit of 964?
4
What is the tens digit of 249468?
6
What is the ten thousands digit of 252852?
5
What is the ten thousands digit of 23518?
2
What is the thousands digit of 1384?
1
What is the millions digit of 6672950?
6
What is the units digit of 41885167?
7
What is the ten thousands digit of 1688414?
8
What is the hundreds digit of 1958364?
3
What is the tens digit of 443496?
9
What is the millions digit of 1343828?
1
What is the units digit of 9293504?
4
What is the hundreds digit of 261760?
7
What is the thousands digit of 625081?
5
What is the hundreds digit of 188350?
3
What is the tens digit of 563589?
8
What is the tens digit of 1929190?
9
What is the units digit of 489310?
0
What is the ten thousands digit of 2529213?
2
What is the hundreds digit of 199806?
8
What is the hundred thousands digit of 263843?
2
What is the hundred thousands digit of 749771?
7
What is the tens digit of 14031278?
7
What is the hundreds digit of 278726?
7
What is the tens digit of 3667860?
6
What is the hundred thousands digit of 4797090?
7
What is the ten thousands digit of 1415862?
1
What is the thousands digit of 2265118?
5
What is the ten millions digit of 14321032?
1
What is the units digit of 3945490?
0
What is the hundreds digit of 122956?
9
What is the hundred thousands digit of 4338882?
3
What is the tens digit of 198371?
7
What is the millions digit of 1021482?
1
What is the hundreds digit of 1099382?
3
What is the units digit of 420391?
1
What is the tens digit of 12571983?
8
What is the ten thousands digit of 4041118?
4
What is the tens digit of 170449?
4
What is the tens digit of 1118212?
1
What is the units digit of 1656674?
4
What is the millions digit of 1165951?
1
What is the units digit of 14932797?
7
What is the ten thousands digit of 5709125?
0
What is the units digit of 3537429?
9
What is the thousands digit of 2846160?
6
What is the hundreds digit of 770782?
7
What is the tens digit of 4384168?
6
What is the hundreds digit of 814953?
9
What is the hundred thousands digit of 230829?
2
What is the hundred thousands digit of 857494?
8
What is the thousands digit of 6214266?
4
What is the thousands digit of 1646261?
6
What is the ten thousands digit of 15093118?
9
What is the thousands digit of 1791214?
1
What is the thousands digit of 5823926?
3
What is the ten thousands digit of 19347724?
4
What is the ten thousands digit of 20545545?
4
What is the units digit of 3009850?
0
What is the tens digit of 94814?
1
What is the thousands digit of 11860856?
0
What is the thousands digit of 64590?
4
What is the units digit of 7432836?
6
What is the ten thousand